{"id":3444,"date":"2017-01-14T19:38:18","date_gmt":"2017-01-14T17:38:18","guid":{"rendered":"http:\/\/www.ppmc.de\/?page_id=3444"},"modified":"2023-06-02T09:14:47","modified_gmt":"2023-06-02T07:14:47","slug":"uebernachtungsmoeglichkeiten","status":"publish","type":"page","link":"https:\/\/www.ppmc.de\/?page_id=3444","title":{"rendered":"\u00dcbernachtungs-<br>m\u00f6glichkeiten"},"content":{"rendered":"<h5 style=\"text-align: center;\">Hier findet Ihr ein paar Adressen, in unmittelbarer N\u00e4he unseres Clubhauses, je nach Anspruch, Lust und Geldbeutel.<\/h5>\n<h5 id=\"tw-target-text\" class=\"tw-data-text tw-text-large tw-ta\" dir=\"ltr\" style=\"text-align: center;\" data-placeholder=\"\u00dcbersetzung\"><span class=\"Y2IQFc\" lang=\"en\">Here you will find a few addresses in the immediate vicinity of our clubhouse, depending on your requirements and budget.<\/span><\/h5>\n<p>&nbsp;<\/p>\n<h5 style=\"text-align: center;\">Alle Adressen befinden sich im n\u00e4heren Umfeld unserem Clubhauses und sind zu Fu\u00df oder mit dem Taxi in k\u00fcrzester Zeit zu erreichen. Maximale Fahrzeit f\u00fcr ein Taxi sollten 10 Minuten nicht \u00fcberschreiten!<\/h5>\n<h5 style=\"text-align: center;\">Es befinden sich weitere Hotels in unserer N\u00e4he, mit ein wenig mehr Fahrzeit.&nbsp;<\/h5>\n<p>&nbsp;<\/p>\n<p style=\"text-align: center;\"><strong><span style=\"color: #ff0000;\">\u00dcber die Bilder gelangt Ihr direkt auf deren Homepage, f\u00fcr weitere Ausk\u00fcnfte<\/span><\/strong><\/p>\n<p id=\"tw-target-text\" class=\"tw-data-text tw-text-large tw-ta\" dir=\"ltr\" style=\"text-align: center;\" data-placeholder=\"\u00dcbersetzung\"><strong><span class=\"Y2IQFc\" lang=\"en\" style=\"color: #ff0000;\">The pictures will take you directly to their homepage for more information<\/span><\/strong><\/p>\n<p>&nbsp;<\/p>\n<h2 style=\"text-align: center;\">Hotels &amp; Apartments, in direkter Umgebung der Garage<\/h2>\n<h2 style=\"text-align: center;\">Hotels &amp; Apartments, in the immediate enviroment of the garage<\/h2>\n<p style=\"text-align: center;\">\u00dcber diesen link erhaltet Ihr eine Auswahl verschiedener Hotels und Apartments in direkter Umgebung der Garage!<\/p>\n<p style=\"text-align: center;\"><a href=\"https:\/\/www.riedstadt.de\/tourismus\/uebernachtungen.html\" target=\"_blank\" rel=\"noopener\"><img loading=\"lazy\" class=\"alignnone size-medium wp-image-4392\" src=\"http:\/\/www.ppmc.de\/wp-content\/uploads\/2022\/05\/Hotel-logo-300x300.jpg\" alt=\"\" width=\"300\" height=\"300\" srcset=\"https:\/\/www.ppmc.de\/wp-content\/uploads\/2022\/05\/Hotel-logo-300x300.jpg 300w, https:\/\/www.ppmc.de\/wp-content\/uploads\/2022\/05\/Hotel-logo-150x150.jpg 150w, https:\/\/www.ppmc.de\/wp-content\/uploads\/2022\/05\/Hotel-logo-768x768.jpg 768w, https:\/\/www.ppmc.de\/wp-content\/uploads\/2022\/05\/Hotel-logo-676x676.jpg 676w, https:\/\/www.ppmc.de\/wp-content\/uploads\/2022\/05\/Hotel-logo.jpg 800w\" sizes=\"(max-width: 300px) 100vw, 300px\" \/><\/a><\/p>\n<p>&nbsp;<\/p>\n<p>&nbsp;<\/p>\n<p>&nbsp;<\/p>\n<p style=\"text-align: center;\"><del><strong>Nonstop Hotel <\/strong><\/del><\/p>\n<p style=\"text-align: center;\"><span style=\"color: #ff0000;\"><strong>Schlie\u00dft zum 01.06.2022! Aktueller Stand unbekannt!<\/strong><\/span><\/p>\n<p style=\"text-align: center;\">(ehemals Riedstern)<\/p>\n<p style=\"text-align: center;\"><a href=\"http:\/\/www.nonstophotel.de\" target=\"_blank\" rel=\"noopener noreferrer\"><img loading=\"lazy\" class=\"alignnone size-full wp-image-3446\" src=\"http:\/\/www.ppmc.de\/wp-content\/uploads\/2017\/01\/Hotel-Riedstern.png\" alt=\"\" width=\"275\" height=\"183\"><\/a><\/p>\n<p style=\"text-align: center;\">Stahlbaustra\u00dfe 17<\/p>\n<p style=\"text-align: center;\">Buchung: +49 (0) 89\/ 904 223 555<\/p>\n<p>&nbsp;<\/p>\n<h4 style=\"text-align: center;\"><span style=\"text-decoration: underline;\">Zimmervermietung Lang<\/span><\/h4>\n<h5 style=\"text-align: center;\"><a href=\"https:\/\/zimmervermietung-lang.de\/\" target=\"_blank\" rel=\"noopener noreferrer\"><img loading=\"lazy\" class=\"alignnone size-medium wp-image-3449\" src=\"https:\/\/www.ppmc.de\/wp-content\/uploads\/2017\/01\/Zimmer-Lang-300x222.png\" alt=\"zimmer-lang\" width=\"300\" height=\"222\" srcset=\"https:\/\/www.ppmc.de\/wp-content\/uploads\/2017\/01\/Zimmer-Lang-300x222.png 300w, https:\/\/www.ppmc.de\/wp-content\/uploads\/2017\/01\/Zimmer-Lang.png 417w\" sizes=\"(max-width: 300px) 100vw, 300px\" \/><\/a><\/h5>\n<p style=\"text-align: center;\">Stahlbaustra\u00dfe 13<\/p>\n<p style=\"text-align: center;\">Tel: +49 (0) 6158\/ 92 20 0<\/p>\n<p style=\"text-align: center;\">Mobil: +49 (0) 173\/ 32 36 431<\/p>\n<h5 style=\"text-align: center;\"><span style=\"text-decoration: underline;\">Hotel Siebenschl\u00e4fer<\/span><\/h5>\n<p style=\"text-align: center;\"><a href=\"http:\/\/www.hotel-7schl\u00e4fer.de\/\" target=\"_blank\" rel=\"noopener noreferrer\"><img loading=\"lazy\" class=\"alignnone size-medium wp-image-3451\" src=\"https:\/\/www.ppmc.de\/wp-content\/uploads\/2017\/01\/Hotel-Siebenschl\u00e4fer-225x300.jpg\" alt=\"hotel-siebenschlaefer\" width=\"225\" height=\"300\" srcset=\"https:\/\/www.ppmc.de\/wp-content\/uploads\/2017\/01\/Hotel-Siebenschl\u00e4fer-225x300.jpg 225w, https:\/\/www.ppmc.de\/wp-content\/uploads\/2017\/01\/Hotel-Siebenschl\u00e4fer.jpg 337w\" sizes=\"(max-width: 225px) 100vw, 225px\" \/><\/a><\/p>\n<p style=\"text-align: center;\">R\u00f6merstra\u00dfe 16a &#8211; Tel: +49 (0) 6158\/ 24 91<\/p>\n<p>&nbsp;<\/p>\n<p>&nbsp;<\/p>\n<h4 style=\"text-align: center;\"><strong>Etwa&nbsp;<em>6 Km und 10 Autominuten<\/em> von unserem Clubhaus entfern, befindet sich das<\/strong><\/h4>\n<h4 style=\"text-align: center;\"><strong>Hotel Bett &amp; Fr\u00fchst\u00fcck, in Riedstadt (Leeheim)!<\/strong><\/h4>\n<p style=\"text-align: center;\"><a href=\"http:\/\/hotelbettundfruehstueck.de\/\" target=\"_blank\" rel=\"noopener noreferrer\"><img loading=\"lazy\" class=\"alignnone size-medium wp-image-4078\" src=\"http:\/\/www.ppmc.de\/wp-content\/uploads\/2018\/02\/Hotel-B-u-F-Leeheim-300x164.jpg\" alt=\"\" width=\"300\" height=\"164\" srcset=\"https:\/\/www.ppmc.de\/wp-content\/uploads\/2018\/02\/Hotel-B-u-F-Leeheim-300x164.jpg 300w, https:\/\/www.ppmc.de\/wp-content\/uploads\/2018\/02\/Hotel-B-u-F-Leeheim-768x421.jpg 768w, https:\/\/www.ppmc.de\/wp-content\/uploads\/2018\/02\/Hotel-B-u-F-Leeheim-676x370.jpg 676w, https:\/\/www.ppmc.de\/wp-content\/uploads\/2018\/02\/Hotel-B-u-F-Leeheim.jpg 840w\" sizes=\"(max-width: 300px) 100vw, 300px\" \/><\/a><\/p>\n<p style=\"text-align: center;\">Backhausstra\u00dfe 28<\/p>\n<p style=\"text-align: center;\">64560 Riedstadt (Leeheim)<\/p>\n<p style=\"text-align: center;\">Tel.&nbsp; +49 (0) 6158 748 7737<\/p>\n<p style=\"text-align: center;\">&nbsp;<\/p>\n<p style=\"text-align: center;\">&nbsp;<\/p>\n<p style=\"text-align: center;\">&nbsp;<\/p>\n<p style=\"text-align: center;\">&nbsp;<\/p>\n<p style=\"text-align: center;\"><em><strong><span style=\"color: #ff0000;\">Und \u00fcber dieses Bild findet Ihr den Weg<\/span><\/strong><\/em><\/p>\n<p style=\"text-align: center;\"><em><strong><span style=\"color: #ff0000;\">zu unserem Clubhaus!<\/span><\/strong><\/em><\/p>\n<p style=\"text-align: center;\"><a href=\"https:\/\/www.google.de\/maps\/place\/Garage\/@49.832869,8.4853833,17z\/data=!3m1!4b1!4m5!3m4!1s0x47bd7813330e4e97:0x8aeaaf460abf76a8!8m2!3d49.832869!4d8.487572\" target=\"_blank\" rel=\"noopener noreferrer\"><img loading=\"lazy\" class=\"alignnone wp-image-3503\" src=\"https:\/\/www.ppmc.de\/wp-content\/uploads\/2017\/02\/paule-motorrad-300x247.gif\" alt=\"\" width=\"172\" height=\"142\"><\/a><\/p>\n<p style=\"text-align: center;\">&nbsp;<\/p>\n<p style=\"text-align: center;\">&nbsp;<\/p>\n","protected":false},"excerpt":{"rendered":"<p>Hier findet Ihr ein paar Adressen, in unmittelbarer N\u00e4he unseres Clubhauses, je nach Anspruch, Lust und Geldbeutel. Here you will find a few addresses in the immediate vicinity of our clubhouse, depending on your requirements and budget. &nbsp; Alle Adressen befinden sich im n\u00e4heren Umfeld unserem Clubhauses und sind zu Fu\u00df oder mit dem Taxi [&hellip;]<\/p>\n","protected":false},"author":2,"featured_media":0,"parent":0,"menu_order":0,"comment_status":"closed","ping_status":"closed","template":"template-ppmc.php","meta":{"ngg_post_thumbnail":0},"_links":{"self":[{"href":"https:\/\/www.ppmc.de\/index.php?rest_route=\/wp\/v2\/pages\/3444"}],"collection":[{"href":"https:\/\/www.ppmc.de\/index.php?rest_route=\/wp\/v2\/pages"}],"about":[{"href":"https:\/\/www.ppmc.de\/index.php?rest_route=\/wp\/v2\/types\/page"}],"author":[{"embeddable":true,"href":"https:\/\/www.ppmc.de\/index.php?rest_route=\/wp\/v2\/users\/2"}],"replies":[{"embeddable":true,"href":"https:\/\/www.ppmc.de\/index.php?rest_route=%2Fwp%2Fv2%2Fcomments&post=3444"}],"version-history":[{"count":33,"href":"https:\/\/www.ppmc.de\/index.php?rest_route=\/wp\/v2\/pages\/3444\/revisions"}],"predecessor-version":[{"id":4428,"href":"https:\/\/www.ppmc.de\/index.php?rest_route=\/wp\/v2\/pages\/3444\/revisions\/4428"}],"wp:attachment":[{"href":"https:\/\/www.ppmc.de\/index.php?rest_route=%2Fwp%2Fv2%2Fmedia&parent=3444"}],"curies":[{"name":"wp","href":"https:\/\/api.w.org\/{rel}","templated":true}]}}